reds digit of 225716?
7
What is the thousands digit of 56819?
6
What is the units digit of 160968?
8
What is the thousands digit of 255708?
5
What is the tens digit of 111679?
7
What is the tens digit of 1072709?
0
What is the millions digit of 1013052?
1
What is the hundreds digit of 396392?
3
What is the units digit of 68086?
6
What is the hundred thousands digit of 413145?
4
What is the tens digit of 3871969?
6
What is the hundred thousands digit of 13155748?
1
What is the units digit of 4618612?
2
What is the thousands digit of 161166?
1
What is the tens digit of 13263015?
1
What is the units digit of 3025536?
6
What is the hundred thousands digit of 107303?
1
What is the hundred thousands digit of 15301965?
3
What is the units digit of 8078959?
9
What is the ten thousands digit of 415612?
1
What is the ten millions digit of 22523328?
2
What is the hundreds digit of 328440?
4
What is the hundreds digit of 22314609?
6
What is the millions digit of 1168374?
1
What is the thousands digit of 1521792?
1
What is the hundreds digit of 147431?
4
What is the hundred thousands digit of 186376?
1
What is the thousands digit of 37077693?
7
What is the ten thousands digit of 523814?
2
What is the thousands digit of 13720723?
0
What is the millions digit of 1017871?
1
What is the hundreds digit of 23637396?
3
What is the tens digit of 325138?
3
What is the thousands digit of 36112?
6
What is the tens digit of 3604284?
8
What is the hundred thousands digit of 409179?
4
What is the hundreds digit of 1972098?
0
What is the tens digit of 294760?
6
What is the thousands digit of 5234988?
4
What is the tens digit of 83476?
7
What is the hundred thousands digit of 968260?
9
What is the millions digit of 2845095?
2
What is the ten thousands digit of 133221?
3
What is the tens digit of 1276022?
2
What is the ten thousands digit of 181447?
8
What is the units digit of 1908962?
2
What is the tens digit of 26580?
8
What is the ten thousands digit of 193358?
9
What is the tens digit of 5697407?
0
What is the tens digit of 2354409?
0
What is the hundreds digit of 232889?
8
What is the units digit of 803374?
4
What is the hundred thousands digit of 5623630?
6
What is the thousands digit of 6054217?
4
What is the tens digit of 490864?
6
What is the thousands digit of 2090477?
0
What is the hundreds digit of 7696126?
1
What is the units digit of 273973?
3
What is the hundreds digit of 133395?
3
What is the tens digit of 218391?
9
What is the tens digit of 150194?
9
What is the hundred thousands digit of 5898478?
8
What is the ten thousands digit of 247361?
4
What is the thousands digit of 8813676?
3
What is the hundred thousands digit of 9315058?
3
What is the thousands digit of 769451?
9
What is the millions digit of 1371243?
1
What is the tens digit of 142964?
6
What is the hundred thousands digit of 23027849?
0
What is the thousands digit of 244942?
4
What is the hundreds digit of 653618?
6
What is the tens digit of 3515442?
4
What is the tens digit of 324891?
9
What is the tens digit of 397915?
1
What is the tens digit of 524370?
7
What is the hundreds digit of 564736?
7
What is the units digit of 325559?
9
What is the ten millions digit of 19000232?
1
What is the ten thousands digit of 512195?
1
What is the thousands digit of 8056337?
6
What is the thousands digit of 6017313?
7
What is the millions digit of 1583868?
1
What is the hundred thousands digit of 276060?
2
What is the thousands digit of 2325206?
5
What is the hundred thousands digit of 129428?
1
What is the tens digit of 12010473?
7
What is the hundreds digit of 117155?
1
What is the units digit of 4152804?
4
What is the ten thousands digit of 2059572?
5
What is the tens digit of 1200228?
2
What is the hundred thousands digit of 11595175?
5
What is the thousands digit of 401388?
1
What is the thousands digit of 2526159?
6
What is the hundred thousands digit of 19518371?
5
What is the ten thousands digit of 1008393?
0
What is the ten thousands digit of 56399?
5
What is the hundred thousands digit of 11378831?
3
What is the tens digit of 342182?
8
What is the ten thousands digit of 723813?
2
What is the hundreds digit of 3232026?
0
What is the ten thousands digit of 326856?
2
What is the hundred thousands digit of 579776?
5
What is the hundreds digit of 13461201?
2
What is the hundred thousands digit of 5091495?
0
What is the tens digit of 573938?
3
What is the hundreds digit of 542092?
0
What is the hundreds digit of 189426?
4
What is the thousands digit of 248664?
8
What is the hundred thousands digit of 7206307?
2
What is the thousands digit of 708838?
8
What is the millions digit of 24045909?
4
What is the thousands digit of 506331?
6
What is the thousands digit of 222337?
2
What is the hundreds digit of 136713?
7
What is the units digit of 4390749?
9
What is the hundred thousands digit of 4231753?
2
What is the hundreds digit of 130710?
7
What is the units digit of 1789054?
4
What is the thousands digit of 4356506?
6
What is the hundred thousands digit of 136446?
1
What is the units digit of 295810?
0
What is the hundreds digit of 5245292?
2
What is the tens digit of 204878?
7
What is the hundred thousands digit of 739887?
7
What is the units digit of 23219528?
8
What is the thousands digit of 753357?
3
What is the units digit of 15737913?
3
What is the units digit of 24236699?
9
What is the ten thousands digit of 370011?
7
What is the hundred thousands digit of 176996?
1
What is the hundred thousands digit of 162775?
1
What is the ten thousands digit of 20954536?
5
What is the hundred thousands digit of 590501?
5
What is the tens digit of 1356019?
1
What is the hundreds digit of 307099?
0
What is the tens digit of 36721?
2
What is the tens digit of 34500895?
9
What is the ten thousands digit of 382934?
8
What is the thousands digit of 2227895?
7
What is the hundreds digit of 322309?
3
What is the hundreds digit of 1988671?
6
What is the hundred thousands digit of 2390879?
3
What is the tens digit of 5041954?
5
What is the millions digit of 1727311?
1
What is the hundreds digit of 318911?
9
What is the ten thousands digit of 31879292?
7
What is the thousands digit of 850805?
0
What is the hundreds digit of 1090296?
2
What is the hundreds digit of 1518891?
8
What is the units digit of 3915948?
8
What is the ten thousands digit of 6840278?
4
What is the thousands digit of 165793?
5
What is the ten thousands digit of 767357?
6
What is the ten thousands digit of 233372?
3
What is the ten thousands digit of 193352?
9
What is the units digit of 921614?
4
What is the ten thousands digit of 163455?
6
What is the units digit of 6163258?
8
What is the thousands digit of 386600?
6
What is the hundreds digit of 580753?
7
What is the units digit of 11286593?
3
What is the units digit of 45800?
0
What is the ten thousands digit of 1482954?
8
What is the hundreds digit of 4352505?
5
What is the units digit of 425992?
2
What is the hundreds digit of 188866?
8
What is the millions digit of 1426354?
1
What is the millions digit of 2479275?
2
What is the tens digit of 25981?
8
What is the ten thousands digit of 1103221?
0
What is the thousands digit of 7503817?
3
What is the ten millions digit of 20544133?
2
What is the ten thousands digit of 1708521?
0
What is the tens digit of 833?
3
What is the tens digit of 14605906?
0
What is the ten thousands digit of 4781674?
8
What is the units digit of 466405?
5
What is the tens digit of 592089?
8
What is the hundreds digit of 393042?
0
What is the ten thousands digit of 17604608?
0
What is the units digit of 279536?
6
What is the ten thousands digit of 3481231?
8
What is the hundreds digit of 443061?
0
What is the hundreds digit of 290048?
0
What is the thousands digit of 756360?
6
What is the ten thousands digit of 374085?
7
What is the hundreds digit of 702497?
4
What is the hundreds digit of 6468997?
9
What is the hundred thousands digit of 388230?
3
What is the tens digit of 4258904?
0
What is the hundreds digit of 1652808?
8
What is the thousands digit of 210963?
0
What is the hundreds digit of 60995?
9
What is the hundred thousands digit of 773767?
7
What is the hundreds digit of 831110?
1
What is the millions digit of 1101699?
1
What is the thousands digit of 707344